alculate the greatest common divisor of b and 5.
5
Suppose 0 = 4*f - 6*f + 2. Let g(a) = 55*a**2. Let w be g(f). Suppose -2*z + w = y, 5*z - 155 = -0*z + y. What is the greatest common divisor of 10 and z?
10
Let f = 30 + -26. What is the greatest common divisor of 16 and f?
4
Suppose 60 = 5*u + 15. Let t be 252/u + (-2)/(-1). Calculate the highest common factor of t and 75.
15
Let x be (-266)/(-10) + (-12)/(-30). Calculate the greatest common divisor of x and 3.
3
Suppose -18*b - 60 = -19*b. What is the greatest common divisor of 15 and b?
15
Let g be (-3)/2 - 18/(-4). What is the greatest common factor of g and 12?
3
Let r = -1 + 1. Let f(n) be the first derivative of n**3/3 + n**2/2 + 117*n + 7. Let h be f(r). What is the greatest common divisor of h and 13?
13
Let o = 4 + -2. Let u(n) = -4 + n - 2*n + n**2 - 2*n - o. Let k be u(6). Calculate the greatest common divisor of 30 and k.
6
Let f = 96 - 162. Let c = 162 + f. Calculate the greatest common divisor of c and 12.
12
Suppose 5*h = h + 20. What is the highest common divisor of 5 and h?
5
Suppose 4*f - 1488 = -4*n - 0*n, -5*n + 3*f + 1900 = 0. Calculate the greatest common divisor of 29 and n.
29
Suppose -4*f + 44 + 100 = -2*m, 0 = -f - 5*m + 25. What is the highest common divisor of f and 350?
35
Let t be 12/4*(-8)/6. Let j = t + -28. Let u = j - -59. What is the greatest common factor of u and 18?
9
Let d = -31 - -69. Let y be ((-57)/(-4))/((-54)/(-72)). Calculate the highest common divisor of d and y.
19
Suppose -6*s + 10 = -s. Let g(z) = -z**3 - 4*z**2 + 6*z + 7. Let v be g(-5). Calculate the greatest common factor of s and v.
2
Let x(t) = t**3 - t**2 - 7. Let y be x(3). Calculate the greatest common divisor of 77 and y.
11
Let t = 20 - 12. Calculate the greatest common divisor of t and 48.
8
Let k = -15 - -3. Let s be ((-4)/k)/((-2)/(-30)). Suppose s*z = -19 + 69. Calculate the greatest common factor of z and 90.
10
Suppose 0 = 5*z - 3*z - 12. Suppose -z*f + 18 = -3*f. Suppose 4*i + 4*h = 12, -4*i + h + 3*h + 36 = 0. What is the highest common factor of f and i?
6
Let t be 2/(-9) + 1138/18. Suppose 4*m - 2*d = -3*d + t, -37 = -2*m + 5*d. Calculate the highest common divisor of 64 and m.
16
Let i(m) = m**2 + 6*m - 32. Let w be i(-10). Calculate the highest common divisor of w and 144.
8
Let f(n) = n**2 + 6*n + 4. Let p be f(-6). Suppose -78 = -p*q - 22. Calculate the greatest common factor of 70 and q.
14
Let z(t) = 5*t**2 + 4*t + 2. Suppose 4*x + 6 = -0*x - 2*i, -3 = -3*x - 4*i. Let l be z(x). Let a = 22 - 8. Calculate the greatest common divisor of l and a.
7
Suppose -2*d - 2*r = r - 14, 5*d - 49 = -4*r. What is the greatest common divisor of d and 13?
13
Let o be (-6)/((-2)/(-81)*-1). Let i(j) = j**3 + 21*j**2 - 23*j + 5. Let q be i(-22). What is the highest common factor of o and q?
27
Let c be (-2 + (-10)/(-6))*-9. Suppose 0 = 5*o - 10. What is the highest common factor of o and c?
1
Let s = 206 - 124. Suppose -3*w + s = 3*p - w, -4*w = 5*p - 136. What is the greatest common factor of p and 4?
4
Let d = 81 + -42. Let r(s) be the first derivative of 3*s**2/2 - 5*s - 1. Let m be r(6). Calculate the highest common factor of m and d.
13
Suppose 0 = 4*a - 138 + 42. What is the greatest common divisor of 3 and a?
3
Let v be 23 + -1 - (11 + -11). Suppose 2*m = 21 + 45. What is the greatest common divisor of m and v?
11
Let y be 2/3 + 20/6. What is the greatest common divisor of y and 1?
1
Suppose b - 23 = 9. Let z(o) = o**3 - 7*o**2 - 7*o - 4. Let d be z(8). What is the highest common divisor of d and b?
4
Let b(n) = -2*n + 1. Let z(x) = x. Suppose 2*j - 13 = 9. Let c(t) = j*z(t) + 6*b(t). Let v be c(-8). What is the highest common divisor of 42 and v?
14
Let h(t) be the first derivative of -t**4/4 + 13*t**3/3 + 3*t**2 + 2*t - 2. Let z be h(13). Calculate the highest common factor of 10 and z.
10
Suppose 2*x = 2*f + 374, 6*f - 3*f = 4*x - 748. What is the greatest common factor of x and 17?
17
Let z(t) = 2*t**2 + 6*t. Let m be z(-4). Suppose w - 34 = 3*k, -5*w = -0*w - 4*k - 192. What is the greatest common divisor of w and m?
8
Let z(t) = -2*t**3 + 18*t**2 - 9*t - 7. Let o be z(8). Let k = -6 + 13. What is the highest common factor of o and k?
7
Let x be 46/(-12) + 3/(-18). Let b(m) = -4*m + 2. Let r be b(x). Calculate the highest common factor of 9 and r.
9
Let x = 23 - 21. Calculate the highest common divisor of x and 1.
1
Suppose 0 = 4*f - f - 486. Suppose 0 = y - 4, 3*y + 4 + 2 = q. What is the highest common divisor of q and f?
18
Let n be 110 + (-2 + 1)*0. Let t(s) = 2*s + 2. Let k(l) = l**2 - 4*l + 4. Let w be k(4). Let b be t(w). What is the highest common factor of n and b?
10
Let r be 18/(-45) - (-164)/10. What is the highest common factor of 176 and r?
16
Suppose h = -3*h + 400. Let l(p) = -p + 10. Suppose 3*v = -v. Let j be l(v). What is the greatest common factor of j and h?
10
Let c be (-3)/2 - (-114)/12. Suppose 24 = c*y - 7*y. Calculate the highest common divisor of 60 and y.
12
Suppose 0*a + y + 182 = 5*a, 2*a - 62 = -5*y. What is the highest common factor of a and 4?
4
Let q be 1698/24 - (-6)/(-8). Calculate the highest common factor of q and 14.
14
Suppose 5*t - 4*w - 192 = 0, -3*t + 4*t + 2*w - 30 = 0. What is the highest common factor of 9 and t?
9
Let s(o) = -14*o + 3. Let c(h) = -15*h + 4. Let k(m) = -2*c(m) + 3*s(m). Let b be (2/(-3))/(2/3). Let n be k(b). What is the highest common divisor of n and 13?
13
Let c be (-2)/(-7) + (-561)/(-21). Suppose 4*p + 47 = 5*d - c, -p + 13 = d. Let i = -1 - -15. Calculate the greatest common factor of i and d.
14
Let f(s) = 19*s**2 - 5*s - 7. Let q(r) = -28*r**2 + 7*r + 10. Let k(o) = -7*f(o) - 5*q(o). Let j be k(-1). What is the greatest common divisor of j and 18?
6
Let q be 12 + (-3)/(3 - 6). Suppose -d + q = -107. What is the greatest common factor of 15 and d?
15
Let d(x) be the third derivative of -x**5/60 + x**4/3 + 5*x**3/6 + x**2. Let m be d(8). What is the highest common divisor of 5 and m?
5
Let t be 3 - ((-9)/(-3))/3. Suppose -2*l - t*l = -72. Let x(k) = -k**3 - k**2 - k + 36. Let q be x(0). Calculate the highest common factor of l and q.
18
Let l(c) = -2*c - 3. Let b be l(3). Let o be (26/10)/(b/(-45)). What is the highest common factor of 91 and o?
13
Suppose 40 = 3*u + u. Calculate the greatest common divisor of u and 90.
10
Let y = 8 + -8. Suppose -40 = -5*p - y*p. Calculate the greatest common divisor of p and 32.
8
Suppose 4*s - 67 = -3*c, -3*c - 12 = c. What is the highest common divisor of 19 and s?
19
Let a(u) = 3*u**2 - u - 3. Let q be a(3). Let x = 200 + -53. Calculate the highest common factor of q and x.
21
Let y(j) = -j**3 - 8*j**2 + 8*j. Let w be y(-9). What is the greatest common factor of 3 and w?
3
Suppose f - 20 = -4*i, -7*f + 7 = -8*f + 5*i. Let a(j) = j**2 - 8*j + 1. Let o be a(f). Let l be o + -1 + 3*9. What is the greatest common divisor of 18 and l?
9
Let j = -117 - -174. Calculate the greatest common divisor of 38 and j.
19
Suppose 3*v = 2*v + 2. Let q be (18/(-5))/(v/(-5)). Calculate the greatest common factor of q and 6.
3
Let k(g) = g**2 - 5. Let h be k(4). Suppose 5*i - h - 17 = -x, 3*x + 5*i = 44. What is the highest common divisor of x and 2?
2
Suppose 5*j - 3*s = 23, j - 4*j + 13 = -s. Calculate the greatest common divisor of 12 and j.
4
Let s be -18*(4 - (-9)/(-2)). Suppose 3*w = -3*o - 0*o + 243, 4*w - 162 = -2*o. Calculate the highest common factor of o and s.
9
Suppose -4*r + 4*f - 3 = 1, 2*r = -5*f - 30. Let z be r/5 + 6 + 0. Calculate the highest common factor of 40 and z.
5
Let q be (-14)/(-70) - 74/(-5). Calculate the highest common divisor of 105 and q.
15
Let n be 0*(-2)/(2*-2). Let c(b) = b**2 - b + 22. Let g be c(n). Calculate the highest common factor of g and 11.
11
Suppose -6*z = -2*z. Suppose -5*a + 0*a + 3*b - 12 = z, 5*b = -5*a + 20. Suppose o - 1 = -a*o. Calculate the highest common divisor of 1 and o.
1
Suppose -4*r = 5*w + 27 - 260, 0 = -w + r + 43. Let g(c) = 0 - 2 + 3 + 4*c. Let x be g(2). Calculate the greatest common factor of w and x.
9
Suppose -44 = -2*h - 16. Suppose -r + 2*x + 1 = -11, 4*r - 5*x - 33 = 0. What is the highest common factor of h and r?
2
Suppose 0 = 4*p - 0*o - 3*o - 113, 0 = -4*p - 3*o + 143. What is the highest common divisor of 25